{"id":30939,"date":"2020-11-16T12:07:10","date_gmt":"2020-11-16T11:07:10","guid":{"rendered":"https:\/\/cc-wohnkultur.de\/?post_type=project&#038;p=30939"},"modified":"2020-11-17T09:40:41","modified_gmt":"2020-11-17T08:40:41","slug":"name-mit-dach-2","status":"publish","type":"project","link":"https:\/\/cc-wohnkultur.de\/index.php\/project\/name-mit-dach-2\/","title":{"rendered":"Name mit Dach"},"content":{"rendered":"<p>[et_pb_section fb_built=&#8220;1&#8243; _builder_version=&#8220;4.5.6&#8243; _module_preset=&#8220;default&#8220;][et_pb_row column_structure=&#8220;1_2,1_2&#8243; _builder_version=&#8220;4.5.6&#8243; background_color=&#8220;#ffffff&#8220; background_size=&#8220;initial&#8220; background_position=&#8220;top_left&#8220; background_repeat=&#8220;repeat&#8220; min_height=&#8220;501px&#8220; custom_margin=&#8220;-64px|auto|22px|auto||&#8220; custom_padding=&#8220;||4px|||&#8220;][et_pb_column type=&#8220;1_2&#8243; _builder_version=&#8220;4.5.6&#8243; background_position=&#8220;top_left&#8220; custom_padding=&#8220;|||&#8220; custom_padding__hover=&#8220;|||&#8220;][et_pb_text _builder_version=&#8220;4.5.6&#8243; text_font=&#8220;Montserrat||||&#8220; text_text_color=&#8220;#939393&#8243; text_font_size=&#8220;17px&#8220; text_line_height=&#8220;1.8em&#8220; header_font=&#8220;||||&#8220; background_size=&#8220;initial&#8220; background_position=&#8220;top_left&#8220; background_repeat=&#8220;repeat&#8220; max_width=&#8220;700px&#8220; min_height=&#8220;263px&#8220; custom_margin=&#8220;50px||||false|false&#8220; custom_padding=&#8220;||0px|||&#8220; animation_style=&#8220;slide&#8220; animation_direction=&#8220;top&#8220; animation_intensity_slide=&#8220;4%&#8220; inline_fonts=&#8220;Abel&#8220;]<\/p>\n<h1 style=\"text-align: center;\"><span style=\"font-size: 24px;\"><strong><span class=\"_3xgd\"><\/span><\/strong><\/span><\/h1>\n<p>&nbsp;<\/p>\n<h1 style=\"text-align: center;\"><span style=\"font-size: 24px;\"><strong><span class=\"_3xgd\"><\/span><\/strong><\/span><\/h1>\n<h1 style=\"text-align: center;\"><span style=\"text-decoration: underline;\"><strong><span style=\"font-family: Abel;\">Name mit Dach<\/span><\/strong><\/span><\/h1>\n<p style=\"text-align: center;\">Toll als T\u00fcrschild zum h\u00e4ngen oder stellen.<br \/>Die L\u00e4nge richtet sich nach dem Namen ca. DinA 4 gro\u00df.<span style=\"font-family: Abel; font-weight: normal;\"><\/span><\/p>\n<p style=\"text-align: center;\"><span style=\"font-family: Abel; font-weight: normal;\">Dach mit Herz: 15,00\u20ac<\/span><br \/><span style=\"font-family: Abel; font-weight: normal;\">Buchstaben:<\/span><br \/><span style=\"font-family: Abel; font-weight: normal;\">Gr. 1: 3,50\u20ac\/Buchstabe<\/span><br \/><span><span style=\"font-family: Abel; font-weight: normal;\">Gr. 2: 4,50\u20ac\/Buchstabe<br \/>zzgl. Versand 2,70 \u20ac<\/span><\/span><\/p>\n<p>[\/et_pb_text][\/et_pb_column][et_pb_column type=&#8220;1_2&#8243; _builder_version=&#8220;3.25&#8243; background_position=&#8220;top_left&#8220; custom_padding=&#8220;|||&#8220; custom_padding__hover=&#8220;|||&#8220;][et_pb_slider show_content_on_mobile=&#8220;off&#8220; show_image_video_mobile=&#8220;on&#8220; use_bg_overlay=&#8220;off&#8220; use_text_overlay=&#8220;off&#8220; arrows_custom_color=&#8220;#000000&#8243; dot_nav_custom_color=&#8220;#000000&#8243; _builder_version=&#8220;4.5.6&#8243; _module_preset=&#8220;default&#8220; header_font=&#8220;Abel||||||||&#8220; header_text_color=&#8220;#474747&#8243; max_width=&#8220;500px&#8220; min_height=&#8220;0px&#8220; min_height_tablet=&#8220;&#8220; min_height_phone=&#8220;200px&#8220; min_height_last_edited=&#8220;on|phone&#8220; height=&#8220;0px&#8220; height_tablet=&#8220;&#8220; height_phone=&#8220;&#8220; height_last_edited=&#8220;on|phone&#8220; max_height_tablet=&#8220;&#8220; max_height_phone=&#8220;&#8220; max_height_last_edited=&#8220;on|phone&#8220; custom_margin=&#8220;70px||-100px||false|false&#8220; custom_margin_tablet=&#8220;&#8220; custom_margin_phone=&#8220;0px||0px||false|false&#8220; custom_margin_last_edited=&#8220;on|phone&#8220; custom_padding=&#8220;||||false|false&#8220; auto=&#8220;on&#8220; auto_speed=&#8220;3000&#8243; db_height_last_edited=&#8220;on|phone&#8220;][et_pb_slide heading=&#8220;Name mit Dach 1&#8243; button_text=&#8220;Klicks&#8220; image=&#8220;https:\/\/cc-wohnkultur.de\/wp-content\/uploads\/2020\/10\/20191128_091857-scaled.jpg&#8220; _builder_version=&#8220;4.5.6&#8243; _module_preset=&#8220;default&#8220;][\/et_pb_slide][et_pb_slide heading=&#8220;Name mit Dach 2&#8243; button_text=&#8220;Klicks&#8220; image=&#8220;https:\/\/cc-wohnkultur.de\/wp-content\/uploads\/2020\/10\/20181130_125214-scaled.jpg&#8220; _builder_version=&#8220;4.5.6&#8243; _module_preset=&#8220;default&#8220;][\/et_pb_slide][et_pb_slide heading=&#8220;Name mit Dach 3&#8243; button_text=&#8220;Klicks&#8220; image=&#8220;https:\/\/cc-wohnkultur.de\/wp-content\/uploads\/2020\/10\/20200921_121554-scaled.jpg&#8220; _builder_version=&#8220;4.5.6&#8243; _module_preset=&#8220;default&#8220;][\/et_pb_slide][\/et_pb_slider][\/et_pb_column][\/et_pb_row][\/et_pb_section]<\/p>\n","protected":false},"excerpt":{"rendered":"<p>[et_pb_section fb_built=&#8220;1&#8243; _builder_version=&#8220;4.5.6&#8243; _module_preset=&#8220;default&#8220;][et_pb_row column_structure=&#8220;1_2,1_2&#8243; _builder_version=&#8220;4.5.6&#8243; background_color=&#8220;#ffffff&#8220; background_size=&#8220;initial&#8220; background_position=&#8220;top_left&#8220; background_repeat=&#8220;repeat&#8220; min_height=&#8220;501px&#8220; custom_margin=&#8220;-64px|auto|22px|auto||&#8220; custom_padding=&#8220;||4px|||&#8220;][et_pb_column type=&#8220;1_2&#8243; _builder_version=&#8220;4.5.6&#8243; background_position=&#8220;top_left&#8220; custom_padding=&#8220;|||&#8220; custom_padding__hover=&#8220;|||&#8220;][et_pb_text _builder_version=&#8220;4.5.6&#8243; text_font=&#8220;Montserrat||||&#8220; text_text_color=&#8220;#939393&#8243; text_font_size=&#8220;17px&#8220; text_line_height=&#8220;1.8em&#8220; header_font=&#8220;||||&#8220; background_size=&#8220;initial&#8220; background_position=&#8220;top_left&#8220; background_repeat=&#8220;repeat&#8220; max_width=&#8220;700px&#8220; min_height=&#8220;263px&#8220; custom_margin=&#8220;50px||||false|false&#8220; custom_padding=&#8220;||0px|||&#8220; animation_style=&#8220;slide&#8220; animation_direction=&#8220;top&#8220; animation_intensity_slide=&#8220;4%&#8220; inline_fonts=&#8220;Abel&#8220;] &nbsp; Name mit Dach Toll als T\u00fcrschild zum h\u00e4ngen oder stellen.Die L\u00e4nge richtet sich nach dem Namen ca. DinA 4 [&hellip;]<\/p>\n","protected":false},"author":2,"featured_media":30819,"comment_status":"closed","ping_status":"closed","template":"","meta":{"_et_pb_use_builder":"on","_et_pb_old_content":"","_et_gb_content_width":""},"project_category":[13],"project_tag":[],"_links":{"self":[{"href":"https:\/\/cc-wohnkultur.de\/index.php\/wp-json\/wp\/v2\/project\/30939"}],"collection":[{"href":"https:\/\/cc-wohnkultur.de\/index.php\/wp-json\/wp\/v2\/project"}],"about":[{"href":"https:\/\/cc-wohnkultur.de\/index.php\/wp-json\/wp\/v2\/types\/project"}],"author":[{"embeddable":true,"href":"https:\/\/cc-wohnkultur.de\/index.php\/wp-json\/wp\/v2\/users\/2"}],"replies":[{"embeddable":true,"href":"https:\/\/cc-wohnkultur.de\/index.php\/wp-json\/wp\/v2\/comments?post=30939"}],"version-history":[{"count":0,"href":"https:\/\/cc-wohnkultur.de\/index.php\/wp-json\/wp\/v2\/project\/30939\/revisions"}],"wp:featuredmedia":[{"embeddable":true,"href":"https:\/\/cc-wohnkultur.de\/index.php\/wp-json\/wp\/v2\/media\/30819"}],"wp:attachment":[{"href":"https:\/\/cc-wohnkultur.de\/index.php\/wp-json\/wp\/v2\/media?parent=30939"}],"wp:term":[{"taxonomy":"project_category","embeddable":true,"href":"https:\/\/cc-wohnkultur.de\/index.php\/wp-json\/wp\/v2\/project_category?post=30939"},{"taxonomy":"project_tag","embeddable":true,"href":"https:\/\/cc-wohnkultur.de\/index.php\/wp-json\/wp\/v2\/project_tag?post=30939"}],"curies":[{"name":"wp","href":"https:\/\/api.w.org\/{rel}","templated":true}]}}

<p>[et_pb_section fb_built=&#8220;1&#8243; _builder_version=&#8220;4.5.6&#8243; _module_preset=&#8220;default&#8220;][et_pb_row column_structure=&#8220;1_2,1_2&#8243; _builder_version=&#8220;4.5.6&#8243; background_color=&#8220;#ffffff&#8220; background_size=&#8220;initial&#8220; background_position=&#8220;top_left&#8220; background_repeat=&#8220;repeat&#8220; min_height=&#8220;501px&#8220; custom_margin=&#8220;-64px|auto|22px|auto||&#8220; custom_padding=&#8220;||4px|||&#8220;][et_pb_column type=&#8220;1_2&#8243; _builder_version=&#8220;4.5.6&#8243; background_position=&#8220;top_left&#8220; custom_padding=&#8220;|||&#8220; custom_padding__hover=&#8220;|||&#8220;][et_pb_text _builder_version=&#8220;4.5.6&#8243; text_font=&#8220;Montserrat||||&#8220; text_text_color=&#8220;#939393&#8243; text_font_size=&#8220;17px&#8220; text_line_height=&#8220;1.8em&#8220; header_font=&#8220;||||&#8220; background_size=&#8220;initial&#8220; background_position=&#8220;top_left&#8220; background_repeat=&#8220;repeat&#8220; max_width=&#8220;700px&#8220; min_height=&#8220;263px&#8220; custom_margin=&#8220;50px||||false|false&#8220; custom_padding=&#8220;||0px|||&#8220; animation_style=&#8220;slide&#8220; animation_direction=&#8220;top&#8220; animation_intensity_slide=&#8220;4%&#8220; inline_fonts=&#8220;Abel&#8220;]</p>
<h1 style="text-align: center;"><span style="font-size: 24px;"><strong><span class="_3xgd"></span></strong></span></h1>
<p>&nbsp;</p>
<h1 style="text-align: center;"><span style="font-size: 24px;"><strong><span class="_3xgd"></span></strong></span></h1>
<h1 style="text-align: center;"><span style="text-decoration: underline;"><strong><span style="font-family: Abel;">Name mit Dach</span></strong></span></h1>
<p style="text-align: center;">Toll als Türschild zum hängen oder stellen.<br />Die Länge richtet sich nach dem Namen ca. DinA 4 groß.<span style="font-family: Abel; font-weight: normal;"></span></p>
<p style="text-align: center;"><span style="font-family: Abel; font-weight: normal;">Dach mit Herz: 15,00€</span><br /><span style="font-family: Abel; font-weight: normal;">Buchstaben:</span><br /><span style="font-family: Abel; font-weight: normal;">Gr. 1: 3,50€/Buchstabe</span><br /><span><span style="font-family: Abel; font-weight: normal;">Gr. 2: 4,50€/Buchstabe<br />zzgl. Versand 2,70 €</span></span></p>
<p>[/et_pb_text][/et_pb_column][et_pb_column type=&#8220;1_2&#8243; _builder_version=&#8220;3.25&#8243; background_position=&#8220;top_left&#8220; custom_padding=&#8220;|||&#8220; custom_padding__hover=&#8220;|||&#8220;][et_pb_slider show_content_on_mobile=&#8220;off&#8220; show_image_video_mobile=&#8220;on&#8220; use_bg_overlay=&#8220;off&#8220; use_text_overlay=&#8220;off&#8220; arrows_custom_color=&#8220;#000000&#8243; dot_nav_custom_color=&#8220;#000000&#8243; _builder_version=&#8220;4.5.6&#8243; _module_preset=&#8220;default&#8220; header_font=&#8220;Abel||||||||&#8220; header_text_color=&#8220;#474747&#8243; max_width=&#8220;500px&#8220; min_height=&#8220;0px&#8220; min_height_tablet=&#8220;&#8220; min_height_phone=&#8220;200px&#8220; min_height_last_edited=&#8220;on|phone&#8220; height=&#8220;0px&#8220; height_tablet=&#8220;&#8220; height_phone=&#8220;&#8220; height_last_edited=&#8220;on|phone&#8220; max_height_tablet=&#8220;&#8220; max_height_phone=&#8220;&#8220; max_height_last_edited=&#8220;on|phone&#8220; custom_margin=&#8220;70px||-100px||false|false&#8220; custom_margin_tablet=&#8220;&#8220; custom_margin_phone=&#8220;0px||0px||false|false&#8220; custom_margin_last_edited=&#8220;on|phone&#8220; custom_padding=&#8220;||||false|false&#8220; auto=&#8220;on&#8220; auto_speed=&#8220;3000&#8243; db_height_last_edited=&#8220;on|phone&#8220;][et_pb_slide heading=&#8220;Name mit Dach 1&#8243; button_text=&#8220;Klicks&#8220; image=&#8220;https://cc-wohnkultur.de/wp-content/uploads/2020/10/20191128_091857-scaled.jpg&#8220; _builder_version=&#8220;4.5.6&#8243; _module_preset=&#8220;default&#8220;][/et_pb_slide][et_pb_slide heading=&#8220;Name mit Dach 2&#8243; button_text=&#8220;Klicks&#8220; image=&#8220;https://cc-wohnkultur.de/wp-content/uploads/2020/10/20181130_125214-scaled.jpg&#8220; _builder_version=&#8220;4.5.6&#8243; _module_preset=&#8220;default&#8220;][/et_pb_slide][et_pb_slide heading=&#8220;Name mit Dach 3&#8243; button_text=&#8220;Klicks&#8220; image=&#8220;https://cc-wohnkultur.de/wp-content/uploads/2020/10/20200921_121554-scaled.jpg&#8220; _builder_version=&#8220;4.5.6&#8243; _module_preset=&#8220;default&#8220;][/et_pb_slide][/et_pb_slider][/et_pb_column][/et_pb_row][/et_pb_section]</p>

<p>[et_pb_section fb_built=&#8220;1&#8243; _builder_version=&#8220;4.5.6&#8243; _module_preset=&#8220;default&#8220;][et_pb_row column_structure=&#8220;1_2,1_2&#8243; _builder_version=&#8220;4.5.6&#8243; background_color=&#8220;#ffffff&#8220; background_size=&#8220;initial&#8220; background_position=&#8220;top_left&#8220; background_repeat=&#8220;repeat&#8220; min_height=&#8220;501px&#8220; custom_margin=&#8220;-64px|auto|22px|auto||&#8220; custom_padding=&#8220;||4px|||&#8220;][et_pb_column type=&#8220;1_2&#8243; _builder_version=&#8220;4.5.6&#8243; background_position=&#8220;top_left&#8220; custom_padding=&#8220;|||&#8220; custom_padding__hover=&#8220;|||&#8220;][et_pb_text _builder_version=&#8220;4.5.6&#8243; text_font=&#8220;Montserrat||||&#8220; text_text_color=&#8220;#939393&#8243; text_font_size=&#8220;17px&#8220; text_line_height=&#8220;1.8em&#8220; header_font=&#8220;||||&#8220; background_size=&#8220;initial&#8220; background_position=&#8220;top_left&#8220; background_repeat=&#8220;repeat&#8220; max_width=&#8220;700px&#8220; min_height=&#8220;263px&#8220; custom_margin=&#8220;50px||||false|false&#8220; custom_padding=&#8220;||0px|||&#8220; animation_style=&#8220;slide&#8220; animation_direction=&#8220;top&#8220; animation_intensity_slide=&#8220;4%&#8220; inline_fonts=&#8220;Abel&#8220;] &nbsp; Name mit Dach Toll als Türschild zum hängen oder stellen.Die Länge richtet sich nach dem Namen ca. DinA 4 [&hellip;]</p>
